{"id":1890,"date":"2025-06-04T18:31:05","date_gmt":"2025-06-04T16:31:05","guid":{"rendered":"https:\/\/aix-rollnride.fr\/boutique\/?page_id=1890"},"modified":"2025-06-04T18:34:24","modified_gmt":"2025-06-04T16:34:24","slug":"notre-selection-pour-lete-%e2%98%80%ef%b8%8f","status":"publish","type":"page","link":"https:\/\/aix-rollnride.fr\/boutique\/notre-selection-pour-lete-%e2%98%80%ef%b8%8f\/","title":{"rendered":"Notre s\u00e9lection pour l&rsquo;\u00e9t\u00e9 \u2600\ufe0f"},"content":{"rendered":"\t\t<div data-elementor-type=\"wp-page\" data-elementor-id=\"1890\" class=\"elementor elementor-1890\">\n\t\t\t\t<div class=\"elementor-element elementor-element-f1d288d e-flex e-con-boxed wpr-particle-no wpr-jarallax-no wpr-parallax-no wpr-sticky-section-no wpr-column-slider-no wpr-equal-height-no e-con e-parent\" data-id=\"f1d288d\" data-element_type=\"container\" data-e-type=\"container\">\n\t\t\t\t\t<div class=\"e-con-inner\">\n\t\t\t\t<div class=\"elementor-element elementor-element-927b983 wpr-grid-columns-3 wpr-grid-columns--tablet2 wpr-grid-columns--mobile1 wpr-grid-pagination-center wpr-item-styles-inner elementor-widget elementor-widget-wpr-woo-grid\" data-id=\"927b983\" data-element_type=\"widget\" data-e-type=\"widget\" data-widget_type=\"wpr-woo-grid.default\">\n\t\t\t\t<div class=\"elementor-widget-container\">\n\t\t\t\t\t<ul class=\"wpr-grid-filters elementor-clearfix wpr-grid-filters-sep-right\"><li class=\" wpr-pointer-none wpr-pointer-line-fx wpr-pointer-fx-none\"><span  data-ajax-filter=[\"product_tag\",\"selection-ete\"] data-filter=\".product_tag-selection-ete\">S\u00e9lection \u00e9t\u00e9<\/span><em class=\"wpr-grid-filters-sep\"><\/em><\/li><\/ul><section class=\"wpr-grid elementor-clearfix\" data-settings=\"{&quot;layout&quot;:&quot;fitRows&quot;,&quot;stick_last_element_to_bottom&quot;:&quot;&quot;,&quot;columns_desktop&quot;:3,&quot;gutter_hr&quot;:20,&quot;gutter_hr_mobile&quot;:20,&quot;gutter_hr_mobile_extra&quot;:20,&quot;gutter_hr_tablet&quot;:20,&quot;gutter_hr_tablet_extra&quot;:20,&quot;gutter_hr_laptop&quot;:20,&quot;gutter_hr_widescreen&quot;:20,&quot;gutter_vr&quot;:30,&quot;gutter_vr_mobile&quot;:30,&quot;gutter_vr_mobile_extra&quot;:30,&quot;gutter_vr_tablet&quot;:30,&quot;gutter_vr_tablet_extra&quot;:30,&quot;gutter_vr_laptop&quot;:30,&quot;gutter_vr_widescreen&quot;:30,&quot;animation&quot;:&quot;default&quot;,&quot;animation_duration&quot;:0.3,&quot;animation_delay&quot;:0.1,&quot;deeplinking&quot;:&quot;&quot;,&quot;filters_linkable&quot;:&quot;no&quot;,&quot;filters_default_filter&quot;:&quot;&quot;,&quot;filters_count&quot;:&quot;&quot;,&quot;filters_hide_empty&quot;:&quot;no&quot;,&quot;filters_animation&quot;:&quot;default&quot;,&quot;filters_animation_duration&quot;:0.3,&quot;filters_animation_delay&quot;:0.1,&quot;pagination_type&quot;:&quot;load-more&quot;,&quot;pagination_max_pages&quot;:1,&quot;query_posts_per_page&quot;:9,&quot;lightbox&quot;:{&quot;selector&quot;:&quot;.wpr-grid-image-wrap&quot;,&quot;iframeMaxWidth&quot;:&quot;60%&quot;,&quot;hash&quot;:false,&quot;autoplay&quot;:&quot;true&quot;,&quot;pause&quot;:5000,&quot;progressBar&quot;:&quot;true&quot;,&quot;counter&quot;:&quot;true&quot;,&quot;controls&quot;:&quot;true&quot;,&quot;getCaptionFromTitleOrAlt&quot;:&quot;true&quot;,&quot;thumbnail&quot;:&quot;&quot;,&quot;showThumbByDefault&quot;:&quot;&quot;,&quot;share&quot;:&quot;&quot;,&quot;zoom&quot;:&quot;true&quot;,&quot;fullScreen&quot;:&quot;true&quot;,&quot;download&quot;:&quot;true&quot;}}\" data-advanced-filters=\"no\" data-found-posts = 8><article class=\"wpr-grid-item elementor-clearfix post-1942 product type-product status-publish product_cat-accessoires product_tag-selection-ete product_tag-sublimation product_shipping_class-frais-dexp-tongs first instock taxable shipping-taxable purchasable product-type-variable\"><div class=\"wpr-grid-item-inner\"><div class=\"wpr-grid-media-wrap wpr-effect-size-medium \" data-overlay-link=\"yes\"><div class=\"wpr-grid-image-wrap\" data-src=\"https:\/\/aix-rollnride.fr\/boutique\/wp-content\/uploads\/2025\/06\/sublimation-flip-flops-white-lifestyle-1-68407d8782f54.jpg\"  data-img-on-hover=\"\" data-src-secondary=\"\" data-has-video=\"\"><img decoding=\"async\" src=\"https:\/\/aix-rollnride.fr\/boutique\/wp-content\/uploads\/2025\/06\/sublimation-flip-flops-white-lifestyle-1-68407d8782f54.jpg\" alt=\"Tongs\" class=\"wpr-anim-timing-ease-default\"><\/div><div class=\"wpr-grid-media-hover wpr-animation-wrap\"><div class=\"wpr-grid-media-hover-bg  wpr-overlay-fade-in wpr-anim-size-large wpr-anim-timing-ease-default wpr-anim-transparency\" data-url=\"https:\/\/aix-rollnride.fr\/boutique\/produit\/tongs\/\"><\/div><\/div><\/div><div class=\"wpr-grid-item-below-content elementor-clearfix\"><div class=\"wpr-grid-item-product_cat elementor-repeater-item-d7b40a3 wpr-grid-item-display-block wpr-grid-item-align-left wpr-pointer-none wpr-pointer-line-fx wpr-pointer-fx-fade wpr-grid-product-categories\"><div class=\"inner-block\"><a  href=\"https:\/\/aix-rollnride.fr\/boutique\/categorie-produit\/produits-aix-rollnride\/accessoires\/\">Accessoires<\/a><\/div><\/div><h2 class=\"wpr-grid-item-title elementor-repeater-item-ba46746 wpr-grid-item-display-block wpr-grid-item-align-left wpr-pointer-none wpr-pointer-line-fx wpr-pointer-fx-fade\"><div class=\"inner-block\"><a target=\"_self\"   href=\"https:\/\/aix-rollnride.fr\/boutique\/produit\/tongs\/\">Tongs<\/a><\/div><\/h2><\/div><\/div><\/article><article class=\"wpr-grid-item elementor-clearfix post-1931 product type-product status-publish product_cat-casquette product_tag-broderie product_tag-selection-ete product_shipping_class-bonnet-et-casquette  instock taxable shipping-taxable purchasable product-type-variable\"><div class=\"wpr-grid-item-inner\"><div class=\"wpr-grid-media-wrap wpr-effect-size-medium \" data-overlay-link=\"yes\"><div class=\"wpr-grid-image-wrap\" data-src=\"https:\/\/aix-rollnride.fr\/boutique\/wp-content\/uploads\/2025\/06\/organic-bucket-hat-slate-blue-front-68407bbc9bb7d.jpg\"  data-img-on-hover=\"\" data-src-secondary=\"\" data-has-video=\"\"><img decoding=\"async\" src=\"https:\/\/aix-rollnride.fr\/boutique\/wp-content\/uploads\/2025\/06\/organic-bucket-hat-slate-blue-front-68407bbc9bb7d.jpg\" alt=\"Bob en coton biologique\" class=\"wpr-anim-timing-ease-default\"><\/div><div class=\"wpr-grid-media-hover wpr-animation-wrap\"><div class=\"wpr-grid-media-hover-bg  wpr-overlay-fade-in wpr-anim-size-large wpr-anim-timing-ease-default wpr-anim-transparency\" data-url=\"https:\/\/aix-rollnride.fr\/boutique\/produit\/bob-en-coton-biologique\/\"><\/div><\/div><\/div><div class=\"wpr-grid-item-below-content elementor-clearfix\"><div class=\"wpr-grid-item-product_cat elementor-repeater-item-d7b40a3 wpr-grid-item-display-block wpr-grid-item-align-left wpr-pointer-none wpr-pointer-line-fx wpr-pointer-fx-fade wpr-grid-product-categories\"><div class=\"inner-block\"><a  href=\"https:\/\/aix-rollnride.fr\/boutique\/categorie-produit\/produits-aix-rollnride\/casquette\/\">Casquette<\/a><\/div><\/div><h2 class=\"wpr-grid-item-title elementor-repeater-item-ba46746 wpr-grid-item-display-block wpr-grid-item-align-left wpr-pointer-none wpr-pointer-line-fx wpr-pointer-fx-fade\"><div class=\"inner-block\"><a target=\"_self\"   href=\"https:\/\/aix-rollnride.fr\/boutique\/produit\/bob-en-coton-biologique\/\">Bob en coton biologique<\/a><\/div><\/h2><\/div><\/div><\/article><article class=\"wpr-grid-item elementor-clearfix post-1909 product type-product status-publish product_cat-casquette product_tag-broderie product_tag-selection-ete product_shipping_class-bonnet-et-casquette last instock taxable shipping-taxable purchasable product-type-variable\"><div class=\"wpr-grid-item-inner\"><div class=\"wpr-grid-media-wrap wpr-effect-size-medium \" data-overlay-link=\"yes\"><div class=\"wpr-grid-image-wrap\" data-src=\"https:\/\/aix-rollnride.fr\/boutique\/wp-content\/uploads\/2025\/06\/retro-trucker-hat-heather-black-front-684079caf1154.jpg\"  data-img-on-hover=\"\" data-src-secondary=\"\" data-has-video=\"\"><img decoding=\"async\" src=\"https:\/\/aix-rollnride.fr\/boutique\/wp-content\/uploads\/2025\/06\/retro-trucker-hat-heather-black-front-684079caf1154.jpg\" alt=\"Casquette Trucker\" class=\"wpr-anim-timing-ease-default\"><\/div><div class=\"wpr-grid-media-hover wpr-animation-wrap\"><div class=\"wpr-grid-media-hover-bg  wpr-overlay-fade-in wpr-anim-size-large wpr-anim-timing-ease-default wpr-anim-transparency\" data-url=\"https:\/\/aix-rollnride.fr\/boutique\/produit\/casquette-trucker\/\"><\/div><\/div><\/div><div class=\"wpr-grid-item-below-content elementor-clearfix\"><div class=\"wpr-grid-item-product_cat elementor-repeater-item-d7b40a3 wpr-grid-item-display-block wpr-grid-item-align-left wpr-pointer-none wpr-pointer-line-fx wpr-pointer-fx-fade wpr-grid-product-categories\"><div class=\"inner-block\"><a  href=\"https:\/\/aix-rollnride.fr\/boutique\/categorie-produit\/produits-aix-rollnride\/casquette\/\">Casquette<\/a><\/div><\/div><h2 class=\"wpr-grid-item-title elementor-repeater-item-ba46746 wpr-grid-item-display-block wpr-grid-item-align-left wpr-pointer-none wpr-pointer-line-fx wpr-pointer-fx-fade\"><div class=\"inner-block\"><a target=\"_self\"   href=\"https:\/\/aix-rollnride.fr\/boutique\/produit\/casquette-trucker\/\">Casquette Trucker<\/a><\/div><\/h2><\/div><\/div><\/article><article class=\"wpr-grid-item elementor-clearfix post-1809 product type-product status-publish product_cat-accessoires product_tag-frais-dexp-gourde product_tag-selection-ete product_shipping_class-frais-dexp-gourde first instock taxable shipping-taxable purchasable product-type-simple\"><div class=\"wpr-grid-item-inner\"><div class=\"wpr-grid-media-wrap wpr-effect-size-medium \" data-overlay-link=\"yes\"><div class=\"wpr-grid-image-wrap\" data-src=\"https:\/\/aix-rollnride.fr\/boutique\/wp-content\/uploads\/2025\/05\/stainless-steel-water-bottle-with-a-straw-lid-white-32-oz-left-683b3cf01e6d0.jpg\"  data-img-on-hover=\"\" data-src-secondary=\"\" data-has-video=\"\"><img decoding=\"async\" src=\"https:\/\/aix-rollnride.fr\/boutique\/wp-content\/uploads\/2025\/05\/stainless-steel-water-bottle-with-a-straw-lid-white-32-oz-left-683b3cf01e6d0.jpg\" alt=\"Gourde en acier inoxydable 950ml avec paille\" class=\"wpr-anim-timing-ease-default\"><\/div><div class=\"wpr-grid-media-hover wpr-animation-wrap\"><div class=\"wpr-grid-media-hover-bg  wpr-overlay-fade-in wpr-anim-size-large wpr-anim-timing-ease-default wpr-anim-transparency\" data-url=\"https:\/\/aix-rollnride.fr\/boutique\/produit\/gourde-en-acier-inoxydable-avec-paille-950ml\/\"><\/div><\/div><\/div><div class=\"wpr-grid-item-below-content elementor-clearfix\"><div class=\"wpr-grid-item-product_cat elementor-repeater-item-d7b40a3 wpr-grid-item-display-block wpr-grid-item-align-left wpr-pointer-none wpr-pointer-line-fx wpr-pointer-fx-fade wpr-grid-product-categories\"><div class=\"inner-block\"><a  href=\"https:\/\/aix-rollnride.fr\/boutique\/categorie-produit\/produits-aix-rollnride\/accessoires\/\">Accessoires<\/a><\/div><\/div><h2 class=\"wpr-grid-item-title elementor-repeater-item-ba46746 wpr-grid-item-display-block wpr-grid-item-align-left wpr-pointer-none wpr-pointer-line-fx wpr-pointer-fx-fade\"><div class=\"inner-block\"><a target=\"_self\"   href=\"https:\/\/aix-rollnride.fr\/boutique\/produit\/gourde-en-acier-inoxydable-avec-paille-950ml\/\">Gourde en acier inoxydable 950ml avec paille<\/a><\/div><\/h2><\/div><\/div><\/article><article class=\"wpr-grid-item elementor-clearfix post-1777 product type-product status-publish product_cat-casquette product_tag-broderie product_tag-frais-dexp-casque-et-bonnet product_tag-selection-ete product_shipping_class-bonnet-et-casquette  instock taxable shipping-taxable purchasable product-type-variable\"><div class=\"wpr-grid-item-inner\"><div class=\"wpr-grid-media-wrap wpr-effect-size-medium \" data-overlay-link=\"yes\"><div class=\"wpr-grid-image-wrap\" data-src=\"https:\/\/aix-rollnride.fr\/boutique\/wp-content\/uploads\/2025\/05\/classic-dad-hat-white-front-683215f854756.jpg\"  data-img-on-hover=\"\" data-src-secondary=\"\" data-has-video=\"\"><img decoding=\"async\" src=\"https:\/\/aix-rollnride.fr\/boutique\/wp-content\/uploads\/2025\/05\/classic-dad-hat-white-front-683215f854756.jpg\" alt=\"Casquette\" class=\"wpr-anim-timing-ease-default\"><\/div><div class=\"wpr-grid-media-hover wpr-animation-wrap\"><div class=\"wpr-grid-media-hover-bg  wpr-overlay-fade-in wpr-anim-size-large wpr-anim-timing-ease-default wpr-anim-transparency\" data-url=\"https:\/\/aix-rollnride.fr\/boutique\/produit\/casquette\/\"><\/div><\/div><\/div><div class=\"wpr-grid-item-below-content elementor-clearfix\"><div class=\"wpr-grid-item-product_cat elementor-repeater-item-d7b40a3 wpr-grid-item-display-block wpr-grid-item-align-left wpr-pointer-none wpr-pointer-line-fx wpr-pointer-fx-fade wpr-grid-product-categories\"><div class=\"inner-block\"><a  href=\"https:\/\/aix-rollnride.fr\/boutique\/categorie-produit\/produits-aix-rollnride\/casquette\/\">Casquette<\/a><\/div><\/div><h2 class=\"wpr-grid-item-title elementor-repeater-item-ba46746 wpr-grid-item-display-block wpr-grid-item-align-left wpr-pointer-none wpr-pointer-line-fx wpr-pointer-fx-fade\"><div class=\"inner-block\"><a target=\"_self\"   href=\"https:\/\/aix-rollnride.fr\/boutique\/produit\/casquette\/\">Casquette<\/a><\/div><\/h2><\/div><\/div><\/article><article class=\"wpr-grid-item elementor-clearfix post-1772 product type-product status-publish product_cat-accessoires product_tag-frais-dexp-gourde product_tag-selection-ete product_tag-selection-hiver product_shipping_class-frais-dexp-gourde last instock taxable shipping-taxable purchasable product-type-simple\"><div class=\"wpr-grid-item-inner\"><div class=\"wpr-grid-media-wrap wpr-effect-size-medium \" data-overlay-link=\"yes\"><div class=\"wpr-grid-image-wrap\" data-src=\"https:\/\/aix-rollnride.fr\/boutique\/wp-content\/uploads\/2025\/05\/stainless-steel-water-bottle-white-17-oz-right-683213052df8d.jpg\"  data-img-on-hover=\"\" data-src-secondary=\"\" data-has-video=\"\"><img decoding=\"async\" src=\"https:\/\/aix-rollnride.fr\/boutique\/wp-content\/uploads\/2025\/05\/stainless-steel-water-bottle-white-17-oz-right-683213052df8d.jpg\" alt=\"Gourde en acier inoxydable 500ml isotherme\" class=\"wpr-anim-timing-ease-default\"><\/div><div class=\"wpr-grid-media-hover wpr-animation-wrap\"><div class=\"wpr-grid-media-hover-bg  wpr-overlay-fade-in wpr-anim-size-large wpr-anim-timing-ease-default wpr-anim-transparency\" data-url=\"https:\/\/aix-rollnride.fr\/boutique\/produit\/gourde-en-acier-inoxydable-500ml\/\"><\/div><\/div><\/div><div class=\"wpr-grid-item-below-content elementor-clearfix\"><div class=\"wpr-grid-item-product_cat elementor-repeater-item-d7b40a3 wpr-grid-item-display-block wpr-grid-item-align-left wpr-pointer-none wpr-pointer-line-fx wpr-pointer-fx-fade wpr-grid-product-categories\"><div class=\"inner-block\"><a  href=\"https:\/\/aix-rollnride.fr\/boutique\/categorie-produit\/produits-aix-rollnride\/accessoires\/\">Accessoires<\/a><\/div><\/div><h2 class=\"wpr-grid-item-title elementor-repeater-item-ba46746 wpr-grid-item-display-block wpr-grid-item-align-left wpr-pointer-none wpr-pointer-line-fx wpr-pointer-fx-fade\"><div class=\"inner-block\"><a target=\"_self\"   href=\"https:\/\/aix-rollnride.fr\/boutique\/produit\/gourde-en-acier-inoxydable-500ml\/\">Gourde en acier inoxydable 500ml isotherme<\/a><\/div><\/h2><\/div><\/div><\/article><article class=\"wpr-grid-item elementor-clearfix post-1637 product type-product status-publish product_brand-sols product_cat-randonnee-roller product_cat-t-shirt product_tag-femme product_tag-frais-dexp-t-shirt product_tag-homme product_tag-impression-dtf product_tag-selection-ete product_shipping_class-bonnet-et-casquette first instock taxable shipping-taxable purchasable product-type-variable\"><div class=\"wpr-grid-item-inner\"><div class=\"wpr-grid-media-wrap wpr-effect-size-medium \" data-overlay-link=\"yes\"><div class=\"wpr-grid-image-wrap\" data-src=\"https:\/\/aix-rollnride.fr\/boutique\/wp-content\/uploads\/2025\/05\/unisex-sports-jersey-neon-orange-front-68265374c56ca.jpg\"  data-img-on-hover=\"\" data-src-secondary=\"\" data-has-video=\"\"><img decoding=\"async\" src=\"https:\/\/aix-rollnride.fr\/boutique\/wp-content\/uploads\/2025\/05\/unisex-sports-jersey-neon-orange-front-68265374c56ca.jpg\" alt=\"T-shirt de sport en polyester unisexe\" class=\"wpr-anim-timing-ease-default\"><\/div><div class=\"wpr-grid-media-hover wpr-animation-wrap\"><div class=\"wpr-grid-media-hover-bg  wpr-overlay-fade-in wpr-anim-size-large wpr-anim-timing-ease-default wpr-anim-transparency\" data-url=\"https:\/\/aix-rollnride.fr\/boutique\/produit\/maillot-de-sport-en-polyester-unisexe\/\"><\/div><\/div><\/div><div class=\"wpr-grid-item-below-content elementor-clearfix\"><div class=\"wpr-grid-item-product_cat elementor-repeater-item-d7b40a3 wpr-grid-item-display-block wpr-grid-item-align-left wpr-pointer-none wpr-pointer-line-fx wpr-pointer-fx-fade wpr-grid-product-categories\"><div class=\"inner-block\"><a  href=\"https:\/\/aix-rollnride.fr\/boutique\/categorie-produit\/produits-aix-rollnride\/t-shirt\/\">T-Shirt<span class=\"tax-sep\">, <\/span><\/a><a  href=\"https:\/\/aix-rollnride.fr\/boutique\/categorie-produit\/produits-par-discipline\/randonnee-roller\/\">Randonn\u00e9e roller<\/a><\/div><\/div><h2 class=\"wpr-grid-item-title elementor-repeater-item-ba46746 wpr-grid-item-display-block wpr-grid-item-align-left wpr-pointer-none wpr-pointer-line-fx wpr-pointer-fx-fade\"><div class=\"inner-block\"><a target=\"_self\"   href=\"https:\/\/aix-rollnride.fr\/boutique\/produit\/maillot-de-sport-en-polyester-unisexe\/\">T-shirt de sport en polyester unisexe<\/a><\/div><\/h2><\/div><\/div><\/article><article class=\"wpr-grid-item elementor-clearfix post-1581 product type-product status-publish product_brand-gildan-5000 product_cat-t-shirt product_tag-femme product_tag-frais-dexp-t-shirt product_tag-homme product_tag-impression-dtf product_tag-selection-ete product_shipping_class-bonnet-et-casquette  instock taxable shipping-taxable purchasable product-type-variable\"><div class=\"wpr-grid-item-inner\"><div class=\"wpr-grid-media-wrap wpr-effect-size-medium \" data-overlay-link=\"yes\"><div class=\"wpr-grid-image-wrap\" data-src=\"https:\/\/aix-rollnride.fr\/boutique\/wp-content\/uploads\/2025\/05\/unisex-classic-tee-white-front-2-68264d3538db8.jpg\"  data-img-on-hover=\"\" data-src-secondary=\"\" data-has-video=\"\"><img decoding=\"async\" src=\"https:\/\/aix-rollnride.fr\/boutique\/wp-content\/uploads\/2025\/05\/unisex-classic-tee-white-front-2-68264d3538db8.jpg\" alt=\"T-shirt classique en coton unisexe\" class=\"wpr-anim-timing-ease-default\"><\/div><div class=\"wpr-grid-media-hover wpr-animation-wrap\"><div class=\"wpr-grid-media-hover-bg  wpr-overlay-fade-in wpr-anim-size-large wpr-anim-timing-ease-default wpr-anim-transparency\" data-url=\"https:\/\/aix-rollnride.fr\/boutique\/produit\/t-shirt-classique-en-coton-unisexe\/\"><\/div><\/div><\/div><div class=\"wpr-grid-item-below-content elementor-clearfix\"><div class=\"wpr-grid-item-product_cat elementor-repeater-item-d7b40a3 wpr-grid-item-display-block wpr-grid-item-align-left wpr-pointer-none wpr-pointer-line-fx wpr-pointer-fx-fade wpr-grid-product-categories\"><div class=\"inner-block\"><a  href=\"https:\/\/aix-rollnride.fr\/boutique\/categorie-produit\/produits-aix-rollnride\/t-shirt\/\">T-Shirt<\/a><\/div><\/div><h2 class=\"wpr-grid-item-title elementor-repeater-item-ba46746 wpr-grid-item-display-block wpr-grid-item-align-left wpr-pointer-none wpr-pointer-line-fx wpr-pointer-fx-fade\"><div class=\"inner-block\"><a target=\"_self\"   href=\"https:\/\/aix-rollnride.fr\/boutique\/produit\/t-shirt-classique-en-coton-unisexe\/\">T-shirt classique en coton unisexe<\/a><\/div><\/h2><\/div><\/div><\/article><\/section>\t\t\t\t<\/div>\n\t\t\t\t<\/div>\n\t\t\t\t\t<\/div>\n\t\t\t\t<\/div>\n\t\t\t\t<\/div>\n\t\t","protected":false},"excerpt":{"rendered":"<p>S\u00e9lection \u00e9t\u00e9 Accessoires Gourde en acier inoxydable 950ml avec paille Casquette Casquette Accessoires Gourde en acier inoxydable 500ml isotherme T-Shirt T-shirt de sport en polyester unisexe T-Shirt T-shirt classique en<\/p>\n","protected":false},"author":1,"featured_media":0,"parent":0,"menu_order":0,"comment_status":"closed","ping_status":"closed","template":"","meta":{"footnotes":""},"class_list":{"1":"page","2":"type-page","3":"status-publish","4":"hentry"},"jetpack_sharing_enabled":true,"_links":{"self":[{"href":"https:\/\/aix-rollnride.fr\/boutique\/wp-json\/wp\/v2\/pages\/1890","targetHints":{"allow":["GET"]}}],"collection":[{"href":"https:\/\/aix-rollnride.fr\/boutique\/wp-json\/wp\/v2\/pages"}],"about":[{"href":"https:\/\/aix-rollnride.fr\/boutique\/wp-json\/wp\/v2\/types\/page"}],"author":[{"embeddable":true,"href":"https:\/\/aix-rollnride.fr\/boutique\/wp-json\/wp\/v2\/users\/1"}],"replies":[{"embeddable":true,"href":"https:\/\/aix-rollnride.fr\/boutique\/wp-json\/wp\/v2\/comments?post=1890"}],"version-history":[{"count":9,"href":"https:\/\/aix-rollnride.fr\/boutique\/wp-json\/wp\/v2\/pages\/1890\/revisions"}],"predecessor-version":[{"id":1903,"href":"https:\/\/aix-rollnride.fr\/boutique\/wp-json\/wp\/v2\/pages\/1890\/revisions\/1903"}],"wp:attachment":[{"href":"https:\/\/aix-rollnride.fr\/boutique\/wp-json\/wp\/v2\/media?parent=1890"}],"curies":[{"name":"wp","href":"https:\/\/api.w.org\/{rel}","templated":true}]}}