{"id":1670,"date":"2025-05-18T19:22:15","date_gmt":"2025-05-18T17:22:15","guid":{"rendered":"https:\/\/aix-rollnride.fr\/boutique\/produit\/sweat-a-capuche-unisexe\/"},"modified":"2026-03-27T13:05:28","modified_gmt":"2026-03-27T12:05:28","slug":"sweat-a-capuche-unisexe","status":"publish","type":"product","link":"https:\/\/aix-rollnride.fr\/boutique\/produit\/sweat-a-capuche-unisexe\/","title":{"rendered":"Sweat \u00e0 Capuche Unisexe"},"content":{"rendered":"<p>Qui aurait su que le sweat \u00e0 capuche le plus doux qui existe, \u00e9tait aussi livr\u00e9 avec un design incroyable. Vous ne regretterez pas d&rsquo;avoir achet\u00e9 ce classique du streetwear avec sa poche pratique et une capuche chaude pour les soir\u00e9es fra\u00eeches.<\/p>\n<p>\u2022 100\u00a0% coton<br \/>\n\u2022 65\u00a0% coton fil\u00e9 \u00e0 l&rsquo;anneau, 35\u00a0% polyester<br \/>\n\u2022 Poche avant<br \/>\n\u2022 \u00c9cusson en tissu \u00e0 l&rsquo;arri\u00e8re<br \/>\n\u2022 Cordons de serrage plats assortis<br \/>\n\u2022 Capuche \u00e0 3 panneaux<br \/>\n\u2022 Produit vierge provenant du Pakistan<\/p>\n<p><strong>Avertissement\u00a0:<\/strong> ce sweat \u00e0 capuche est petit. Pour un ajustement parfait, nous vous recommandons de commander une taille plus grande que votre taille habituelle.<\/p>\n<hr \/>\n<p><!--more--><\/p>\n<details>\n<summary>Information sur les produits concern\u00e9s par la GPSR dans l&rsquo;Union Europ\u00e9enne<\/summary>\n<ul>\n<li>Coordonn\u00e9es du fabricant\n<ul>\n<li>Nom: Printful<\/li>\n<li>Adresse e-mail: support@printful.com<\/li>\n<li>Adresse postale: Raina bulvaris 25, Riga, Latvia, LV-1050\n<ul>\u2022 Tra\u00e7abilit\u00e9\u00a0:<\/ul>\n<\/li>\n<\/ul>\n<ul>\n<li style=\"list-style-type: none;\">\n<ul>&#8211; Tissage : Pakistan<\/ul>\n<\/li>\n<\/ul>\n<ul>\n<li style=\"list-style-type: none;\">\n<ul>&#8211; Teinture : Pakistan<\/ul>\n<\/li>\n<\/ul>\n<ul>\n<li style=\"list-style-type: none;\">\n<ul>&#8211; Fabrication : Pakistan<\/ul>\n<\/li>\n<\/ul>\n<ul>\n<li style=\"list-style-type: none;\">\n<ul>\u2022 Contient 0\u00a0% de polyester recycl\u00e9<\/ul>\n<\/li>\n<\/ul>\n<ul>\u2022 Contient 0\u00a0% de substances dangereuses<\/ul>\n<\/li>\n<li>Restrictions li\u00e9es \u00e0 l&rsquo;\u00e2ge: Pour les adultes<\/li>\n<li>Garantie de l&rsquo;Union Europ\u00e9enne: 2 ans<\/li>\n<li>Autres informations relatives \u00e0 la conformit\u00e9: R\u00e9pond aux exigences relatives \u00e0 l\u2019inflammabilit\u00e9, aux teneurs en plomb, cadmium, phtalates et formald\u00e9hyde.<\/li>\n<\/ul>\n<p>En conformit\u00e9 avec le R\u00e8glement pour la S\u00e9curit\u00e9 G\u00e9n\u00e9rale des Produits (RSGP), Printful garantit que tous les produits de consommation propos\u00e9s sont s\u00fbrs et conformes aux normes de l&rsquo;UE. Pour toute question ou pr\u00e9occupation li\u00e9e \u00e0 la s\u00e9curit\u00e9 des produits, veuillez nous contacter \u00e0 support@printful.com ou nous \u00e9crire \u00e0 Raina bulvaris 25, Riga, Latvia, LV-1050.<\/p>\n<\/details>\n","protected":false},"excerpt":{"rendered":"<p>Sweat \u00e0 capuche unisexe classique avec une poche avant et des cordons de serrage plats assortis. L&rsquo;ext\u00e9rieur en 100 % coton rend ce sweat \u00e0 capuche doux au toucher.<\/p>\n<p><strong>Y compris :<\/strong> Logo coeur en broderie + logo dos en impression DTG.<br \/>\n<strong>Production \u00e0 la commande.<\/strong><\/p>\n","protected":false},"featured_media":1691,"template":"","meta":[],"product_brand":[257],"product_cat":[172],"product_tag":[258,261,190,187,188,277],"class_list":{"0":"post-1670","1":"product","2":"type-product","3":"status-publish","6":"product_brand-cotton-heritage","7":"product_cat-sweat","8":"product_tag-broderie","9":"product_tag-frais-dexp-sweat","10":"product_tag-impression-dtg","11":"product_tag-logo-coeur","12":"product_tag-logo-dos","13":"product_tag-selection-hiver","14":"product_shipping_class-sweat","16":"first","17":"instock","18":"taxable","19":"shipping-taxable","20":"purchasable","21":"product-type-variable"},"jetpack_sharing_enabled":true,"_links":{"self":[{"href":"https:\/\/aix-rollnride.fr\/boutique\/wp-json\/wp\/v2\/product\/1670","targetHints":{"allow":["GET"]}}],"collection":[{"href":"https:\/\/aix-rollnride.fr\/boutique\/wp-json\/wp\/v2\/product"}],"about":[{"href":"https:\/\/aix-rollnride.fr\/boutique\/wp-json\/wp\/v2\/types\/product"}],"wp:featuredmedia":[{"embeddable":true,"href":"https:\/\/aix-rollnride.fr\/boutique\/wp-json\/wp\/v2\/media\/1691"}],"wp:attachment":[{"href":"https:\/\/aix-rollnride.fr\/boutique\/wp-json\/wp\/v2\/media?parent=1670"}],"wp:term":[{"taxonomy":"product_brand","embeddable":true,"href":"https:\/\/aix-rollnride.fr\/boutique\/wp-json\/wp\/v2\/product_brand?post=1670"},{"taxonomy":"product_cat","embeddable":true,"href":"https:\/\/aix-rollnride.fr\/boutique\/wp-json\/wp\/v2\/product_cat?post=1670"},{"taxonomy":"product_tag","embeddable":true,"href":"https:\/\/aix-rollnride.fr\/boutique\/wp-json\/wp\/v2\/product_tag?post=1670"}],"curies":[{"name":"wp","href":"https:\/\/api.w.org\/{rel}","templated":true}]}}