{"id":1995,"date":"2025-09-04T18:56:38","date_gmt":"2025-09-04T16:56:38","guid":{"rendered":"https:\/\/aix-rollnride.fr\/boutique\/produit\/bonnet-cotele-bio\/"},"modified":"2025-12-01T18:32:39","modified_gmt":"2025-12-01T17:32:39","slug":"bonnet-cotele-bio","status":"publish","type":"product","link":"https:\/\/aix-rollnride.fr\/boutique\/produit\/bonnet-cotele-bio\/","title":{"rendered":"Bonnet c\u00f4tel\u00e9 bio"},"content":{"rendered":"<p>Ce bonnet tricot\u00e9 bio est \u00e9l\u00e9gant, pratique et \u00e9cologique, ce qui en fait un must absolu pour votre s\u00e9lection de chapeaux. Gr\u00e2ce \u00e0 son tissu l\u00e9ger et a\u00e9r\u00e9, vous pouvez le porter \u00e0 l&rsquo;int\u00e9rieur comme \u00e0 l&rsquo;ext\u00e9rieur.<\/p>\n<p>\u2022 100\u00a0%\u00a0coton biologique<br \/>\n\u2022 Tissu antiallergique et naturel<br \/>\n\u2022 Bonnet \u00e0 rebords<\/p>\n<details>\n<summary>Information sur les produits concern\u00e9s par la GPSR dans l&rsquo;Union Europ\u00e9enne<\/summary>\n<ul>\n<li>Coordonn\u00e9es du fabricant<\/li>\n<li style=\"list-style-type: none;\">\n<ul>\n<li>Nom: Printful<\/li>\n<li>Adresse e-mail: support@printful.com<\/li>\n<li>Adresse postale: Raina bulvaris 25, Riga, Latvia, LV-1050<\/li>\n<\/ul>\n<\/li>\n<\/ul>\n<p>\u2022 Tra\u00e7abilit\u00e9\u00a0:<br \/>\n&#8211; Tissage : Chine<br \/>\n&#8211; Teinture : Chine<br \/>\n&#8211; Fabrication : Chine<br \/>\n\u2022 Contient 0\u00a0% de polyester recycl\u00e9<br \/>\n\u2022 Contient 0\u00a0% de substances dangereuses<\/p>\n<p>Age restrictions: Pour les adultes<br \/>\nEU Warranty: 2\u00a0ans<br \/>\nOther compliance information: R\u00e9pond aux exigences relatives aux teneurs en plomb et phtalates.<\/p>\n<p>En conformit\u00e9 avec le R\u00e8glement pour la S\u00e9curit\u00e9 G\u00e9n\u00e9rale des Produits (RSGP), Printful garantit que tous les produits de consommation propos\u00e9s sont s\u00fbrs et conformes aux normes de l&rsquo;UE. Pour toute question ou pr\u00e9occupation li\u00e9e \u00e0 la s\u00e9curit\u00e9 des produits, veuillez nous contacter \u00e0 support@printful.com ou nous \u00e9crire \u00e0 Raina bulvaris 25, Riga, Latvia, LV-1050.<\/p>\n<\/details>\n","protected":false},"excerpt":{"rendered":"<p>Le bonnet tricot\u00e9 \u00e9cologique poss\u00e8de un look classique, mais son tissu c\u00f4tel\u00e9 lui apporte une touche unique. Portez ce bonnet 100 % en coton biologique pendant vos sorties en plein air ou associez-le \u00e0 une tenue streetwear. Gr\u00e2ce \u00e0 son look \u00e9l\u00e9gant et \u00e0 sa praticit\u00e9, il fonctionnera pour les deux !<\/p>\n<p><strong>Y compris :<\/strong> Logo en broderie<br \/>\n<strong>Production \u00e0 la commande.<\/strong><\/p>\n","protected":false},"featured_media":2004,"template":"","meta":[],"product_brand":[],"product_cat":[175],"product_tag":[258,264,277],"class_list":{"0":"post-1995","1":"product","2":"type-product","3":"status-publish","6":"product_cat-bonnet","7":"product_tag-broderie","8":"product_tag-frais-dexp-casque-et-bonnet","9":"product_tag-selection-hiver","10":"product_shipping_class-bonnet-et-casquette","12":"first","13":"instock","14":"taxable","15":"shipping-taxable","16":"purchasable","17":"product-type-variable","18":"has-default-attributes"},"jetpack_sharing_enabled":true,"_links":{"self":[{"href":"https:\/\/aix-rollnride.fr\/boutique\/wp-json\/wp\/v2\/product\/1995","targetHints":{"allow":["GET"]}}],"collection":[{"href":"https:\/\/aix-rollnride.fr\/boutique\/wp-json\/wp\/v2\/product"}],"about":[{"href":"https:\/\/aix-rollnride.fr\/boutique\/wp-json\/wp\/v2\/types\/product"}],"wp:featuredmedia":[{"embeddable":true,"href":"https:\/\/aix-rollnride.fr\/boutique\/wp-json\/wp\/v2\/media\/2004"}],"wp:attachment":[{"href":"https:\/\/aix-rollnride.fr\/boutique\/wp-json\/wp\/v2\/media?parent=1995"}],"wp:term":[{"taxonomy":"product_brand","embeddable":true,"href":"https:\/\/aix-rollnride.fr\/boutique\/wp-json\/wp\/v2\/product_brand?post=1995"},{"taxonomy":"product_cat","embeddable":true,"href":"https:\/\/aix-rollnride.fr\/boutique\/wp-json\/wp\/v2\/product_cat?post=1995"},{"taxonomy":"product_tag","embeddable":true,"href":"https:\/\/aix-rollnride.fr\/boutique\/wp-json\/wp\/v2\/product_tag?post=1995"}],"curies":[{"name":"wp","href":"https:\/\/api.w.org\/{rel}","templated":true}]}}