{"id":2033,"date":"2025-09-15T16:34:59","date_gmt":"2025-09-15T14:34:59","guid":{"rendered":"https:\/\/aix-rollnride.fr\/boutique\/?post_type=product&#038;p=2033"},"modified":"2026-01-11T10:40:10","modified_gmt":"2026-01-11T09:40:10","slug":"cuissard-roller-primo","status":"publish","type":"product","link":"https:\/\/aix-rollnride.fr\/boutique\/produit\/cuissard-roller-primo\/","title":{"rendered":"CUISSARD ROLLER PRIMO &#8211; AIX ROLL&rsquo;N&rsquo;RIDE"},"content":{"rendered":"<p>Coupe anatomique, Lycra 210g, bandes cuisses 7 cm avec silicone inject\u00e9, \u00e9lastique large \u00e0 la ceinture<\/p>\n<p><strong>Le produit sera personnalis\u00e9 aux couleurs du club<\/strong><\/p>\n","protected":false},"excerpt":{"rendered":"<h3 style=\"text-align: center;\"><span style=\"color: #ff0000;\">Prochaine commande en Septembre<\/span><\/h3>\n<p style=\"text-align: center;\"><span style=\"color: #3366ff;\"><strong>Le produit sera aux couleurs du club (comme la combinaison)<\/strong><\/span><\/p>\n<p style=\"text-align: center;\">Livraison sous 3 mois (commande group\u00e9e annuelle).<\/p>\n","protected":false},"featured_media":2034,"template":"","meta":[],"product_brand":[181],"product_cat":[220,180],"product_tag":[247,278],"class_list":{"0":"post-2033","1":"product","2":"type-product","3":"status-publish","6":"product_brand-armos","7":"product_cat-competition","8":"product_cat-roller-marathon","9":"product_tag-expedie-par-le-club","10":"product_tag-roller-marathon","11":"product_shipping_class-expedie-par-le-club","13":"first","14":"outofstock","15":"taxable","16":"shipping-taxable","17":"purchasable","18":"product-type-variable","19":"has-default-attributes"},"jetpack_sharing_enabled":true,"_links":{"self":[{"href":"https:\/\/aix-rollnride.fr\/boutique\/wp-json\/wp\/v2\/product\/2033","targetHints":{"allow":["GET"]}}],"collection":[{"href":"https:\/\/aix-rollnride.fr\/boutique\/wp-json\/wp\/v2\/product"}],"about":[{"href":"https:\/\/aix-rollnride.fr\/boutique\/wp-json\/wp\/v2\/types\/product"}],"wp:featuredmedia":[{"embeddable":true,"href":"https:\/\/aix-rollnride.fr\/boutique\/wp-json\/wp\/v2\/media\/2034"}],"wp:attachment":[{"href":"https:\/\/aix-rollnride.fr\/boutique\/wp-json\/wp\/v2\/media?parent=2033"}],"wp:term":[{"taxonomy":"product_brand","embeddable":true,"href":"https:\/\/aix-rollnride.fr\/boutique\/wp-json\/wp\/v2\/product_brand?post=2033"},{"taxonomy":"product_cat","embeddable":true,"href":"https:\/\/aix-rollnride.fr\/boutique\/wp-json\/wp\/v2\/product_cat?post=2033"},{"taxonomy":"product_tag","embeddable":true,"href":"https:\/\/aix-rollnride.fr\/boutique\/wp-json\/wp\/v2\/product_tag?post=2033"}],"curies":[{"name":"wp","href":"https:\/\/api.w.org\/{rel}","templated":true}]}}